 Calculate the greatest common factor of w and d.
5
Suppose -2*g - 150 = -7*g. Let l(r) = r**3 + 12*r**2 - 14*r - 7. Let m be l(-13). What is the highest common factor of g and m?
6
Let w = -9 + 37. Let o = w + -21. What is the greatest common divisor of 7 and o?
7
Let k(b) = b**3 - 12*b**2 - 37*b + 9. Let w be k(16). Let q(x) = 8*x**2 + x - 6. Let v be q(-3). Calculate the greatest common divisor of w and v.
63
Let o(r) = 2*r + 3. Let i(j) = -j**2 + 10*j - 11. Let n be i(8). Let y be o(n). Suppose 0 = -14*s + y*s + 2. Calculate the highest common factor of s and 14.
2
Let c = -12 - -19. Let w = c - 5. Calculate the highest common divisor of 18 and w.
2
Suppose 0 = -11*i + 25*i - 6314. What is the greatest common divisor of 41 and i?
41
Let w(t) = -t**2 - 42*t - 30. Let i be w(-40). Calculate the highest common divisor of 800 and i.
50
Suppose 15 = -2*r - 5. Let s = r - -20. Calculate the greatest common divisor of s and 70.
10
Let y(b) = b**2 + 3*b - 1. Suppose 0*z - 4 = z. Let w be y(z). Let c be w/7 - (-368)/56. What is the greatest common factor of c and 35?
7
Suppose -585 = 5*l - 10*l. Let o(a) = 12*a**2 + 1. Let w(m) = m - 10. Let z be w(9). Let h be o(z). Calculate the highest common divisor of h and l.
13
Let r(p) = 6*p**2 - 26*p + 88. Let y be r(3). Calculate the greatest common factor of y and 200.
8
Let c(s) = -s**3 + 10*s**2 + 9*s + 24. Let y be c(10). Calculate the highest common divisor of 304 and y.
38
Suppose -4*w = t - 1805, 3*w - 2027 + 692 = 3*t. Calculate the highest common divisor of 50 and w.
50
Let j(b) = -5*b + 2. Let d(s) = s**3 - 5*s**2 - 7*s + 3. Let h be d(6). Let y be j(h). Suppose 4*v = 77 - y. Calculate the highest common divisor of 3 and v.
3
Let i(q) = -q**2 + 33*q + 115. Let v be i(35). Calculate the greatest common factor of 18 and v.
9
Let b = -195 + 249. What is the highest common factor of 6 and b?
6
Suppose -t - 7*a + 2*a + 11 = 0, 0 = -5*t + 4*a + 55. Calculate the greatest common factor of 11 and t.
11
Suppose 0 = 4*w + 2*m - 148, 14 + 6 = 5*m. Suppose -658 = -3*y + w. Calculate the highest common divisor of 33 and y.
33
Let s = -607 + 1049. What is the greatest common divisor of 104 and s?
26
Let v = -3 - -8. Let w = -15 - -18. Let o(r) = 4*r + 3. Let z be o(w). Calculate the highest common divisor of v and z.
5
Let h = -355 + 375. Calculate the greatest common factor of h and 120.
20
Let q = -68 + 71. Let y be (-9)/(-4)*(6 - 20/6). What is the highest common divisor of y and q?
3
Suppose 2*c = -5*k + 512, 0 = 5*k + 4*c - 553 + 49. Calculate the greatest common factor of 78 and k.
26
Let a(u) = u**2 + 3*u + 1. Let r be a(-3). Let j = r + 67. Suppose -3*s - j = -5*z - 230, -5*s + 2*z = -270. What is the greatest common divisor of s and 6?
6
Let m(d) = -3*d + 3. Let v be m(2). Let x = v - -4. Let z = 8 + 1. What is the greatest common divisor of z and x?
1
Let q(p) = -8*p**3 - 6*p**2 - 13*p - 4. Let i be q(-2). Calculate the highest common factor of i and 682.
62
Suppose -5*m + 15 = -25. Suppose -2*t + 7*t - 18 = 2*y, 2*t - m = 0. Calculate the highest common factor of y and 8.
1
Suppose 15*i - 96 - 399 = 0. What is the greatest common divisor of 220 and i?
11
Let b = 50 + -32. Let w(m) = -m**3 - m**2 - m - 6. Let h be w(0). Let v(f) = f**2 + 6*f + 2. Let a be v(h). Calculate the highest common factor of a and b.
2
Let g be (-9)/12 - (-1046)/8. Suppose -6*m = -m - g. What is the greatest common factor of m and 26?
26
Suppose 5*f = -k + 2*f + 327, 4*k + 2*f - 1358 = 0. Calculate the highest common factor of 19 and k.
19
Let v = -2 + 4. Suppose -113 = -q + v*h, -4*q + 5*h + 447 = 2*h. Suppose q = 5*b - 4*b. Calculate the greatest common factor of 74 and b.
37
Let n = -171 + 270. Calculate the highest common factor of n and 27.
9
Let o = 104 + -116. Let u be 1265/40 + o/(-32). Calculate the greatest common factor of 8 and u.
8
Let n = 22 - 70. Let f = -20 - n. Calculate the greatest common factor of f and 56.
28
Let i = 0 - -12. Suppose 20 = -5*n + 10*n. Suppose -5*x = -5, n*m - 25 + 5 = 4*x. Calculate the greatest common divisor of m and i.
6
Let t(x) = -x**3 - 2*x**2 - x + 48. Let d be t(0). Calculate the highest common factor of d and 144.
48
Let c = -104 - -107. Let r be c*(4 + -7)*(-8)/6. What is the greatest common divisor of r and 132?
12
Suppose 2*a = -3*w + 6 + 31, 2*w + 15 = a. Let j = a - -27. What is the greatest common divisor of j and 55?
11
Let b(r) = 17*r**2 - 339*r + 16. Let w be b(20). Calculate the greatest common divisor of 45 and w.
9
Let f be (-1908)/(-27) + (-4)/6. Let i = -15 + f. Calculate the highest common divisor of 11 and i.
11
Let u(p) = 7*p - 7. Let f be u(4). Suppose -f = -10*s + 29. What is the greatest common divisor of 20 and s?
5
Let z(k) = -28*k - 107. Let n be z(-6). Calculate the highest common factor of 1 and n.
1
Let n be -1*1 + -12 + 17. Suppose b + 2*w = 5, 3*b - 11 = -0*w - n*w. Suppose q - 4 - 4 = 0. Calculate the highest common factor of b and q.
1
Suppose 1774*g - 1775*g = -98. Calculate the highest common divisor of 434 and g.
14
Let r = 51 - -13. What is the highest common factor of r and 352?
32
Let r be 6/(((-12)/7)/(-4)). Let l be r/10 + -1 + 4683/105. What is the greatest common divisor of 60 and l?
15
Suppose 0 = 19*g - 5579 + 962. Calculate the highest common factor of g and 324.
81
Let i be (-3 - 84/8)*-4. Suppose i = -3*q - 30. Let k = q - -30. Calculate the greatest common factor of k and 10.
2
Let l(i) = -8*i**2 - 7*i + 5. Let c(b) = 4*b**2 + 3*b - 2. Let h(n) = 13*c(n) + 6*l(n). Let p be h(2). What is the highest common factor of p and 28?
14
Let t be ((-27)/9)/(6/40). Let m = -19 - t. Calculate the greatest common divisor of m and 11.
1
Let r be (-175)/(-63) + (2 - (-16)/(-9)). What is the highest common factor of r and 48?
3
Let m = -683 + 969. What is the greatest common factor of 22 and m?
22
Let x(c) = c**2 - 15*c + 16. Let p be x(7). Let w = p - -82. Calculate the greatest common factor of w and 336.
42
Suppose 12 = 5*k - 58. Suppose -32*c = -29*c - 105. What is the highest common factor of c and k?
7
Let n be (24/(-9) - -3) + 16844/12. Suppose x + 708 = 2*c - x, x + n = 4*c. Calculate the highest common factor of c and 140.
70
Suppose -3*u + 1797 = -3*n, 2*n = u + 40 - 644. What is the greatest common factor of u and 33?
33
Suppose -5*s - 4*b = -164, 0 = -2*b + 2. What is the greatest common factor of s and 288?
32
Let g(y) = -y**3 + 8*y**2 + 7. Let z be g(8). Suppose -84 = -24*l + 21*l. What is the highest common factor of l and z?
7
Suppose -s + 6*s = -5*f + 20, 2 = 4*s - 3*f. Let q be (s/4)/((-2)/(-560)). Calculate the greatest common divisor of q and 20.
20
Suppose 2*b - z - 49 = -0, -133 = -5*b - z. What is the highest common factor of 26 and b?
26
Let r be ((-57)/12 - -2)/(8/(-32)). Calculate the highest common factor of 396 and r.
11
Let x be (8/(-2) + 5)*7. Calculate the greatest common divisor of x and 77.
7
Let k be (-1 - 1)*(-792)/(-48). Let h = k - -55. What is the highest common divisor of h and 77?
11
Let p be (4/14)/(9 + (-310)/35). Calculate the greatest common divisor of p and 6.
2
Let n(k) = -3*k**2 - 11*k + 5 + 6*k**2 + 8*k + 9*k. Let l be n(-4). Let d = l - -46. Calculate the highest common divisor of 30 and d.
15
Let w = -74 - -184. Suppose 3*z - w = -2*z. Let f = 34 - z. What is the greatest common divisor of 60 and f?
12
Suppose 0 = 2*a - a - 14. Let u(g) = 2*g**2 + 7*g + 10. Let k be u(-7). Let x = -31 + k. Calculate the highest common divisor of x and a.
14
Suppose -a - 16 = 31. Let h = -43 - a. Calculate the greatest common divisor of h and 8.
4
Let l(u) = u**3 + 4*u**2 - 6*u - 6. Let d be l(-4). What is the greatest common divisor of 30 and d?
6
Let n be (-4)/2 - (-2 - -1)*3. Let p be (-8*1/1)/(-2). Suppose -p*j + 12 = 4. Calculate the greatest common divisor of n and j.
1
Let b be ((-3)/2)/(3/(-14)). Suppose b*n = 4*n + 132. Let l = -26 + 37. What is the highest common divisor of l and n?
11
Let t = 43 - 25. Calculate the highest common divisor of 126 and t.
18
Let q(p) = p - 5. Let g be q(7). Suppose -2*y + 2 = -3*c + g*y, -3*c = y - 8. What is the greatest common factor of 16 and c?
2
Let h = 12502 - 12489. Let t(x) = 9*x**2 - 3*x - 3. Let q be t(-2). Calculate the highest common divisor of q and h.
13
Supp